 tens digit of l?
7
Suppose -4*x + 144 = -8*x + 4*f, -4*f = 4*x + 120. Let t be -3*11/(x/28). Suppose 0 = 3*h - i - 104, -2*h + 98 = -i + t. What is the units digit of h?
4
Suppose -o = -2*b - 6*o - 8, 2*o = -b - 2. Let q(k) = 7*k**3 - 16*k**2 + 54*k + 5. What is the units digit of q(b)?
5
Let t = -324 + 332. Suppose -t*y = -6861 + 1077. What is the units digit of y?
3
Let h = 861 - 921. What is the hundreds digit of (-5)/h*-39*-548?
7
What is the hundreds digit of 2/23 - 7877576/(-184)?
8
Suppose -7592 - 91318 = -7*d. What is the units digit of d?
0
Suppose 30 = 14*z + 2. Suppose -4*t - 563 = -5*r + 2727, z*r + 2*t = 1316. What is the hundreds digit of r?
6
Suppose -1263 + 4363 = 31*p. Let x = 1491 + p. What is the thousands digit of x?
1
Suppose 2*z - 12816 = -3*x, 17321 = 4*x - 5*z + 210. What is the tens digit of x?
7
Let z be 3/6*-4 - -985. Let d = z + -653. Suppose 4*n - 50 = d. What is the units digit of n?
5
What is the units digit of 74854*(-4 - (-90)/20)?
7
Suppose -6*u + 3*u - 30 = -2*v, -5*v - 2*u + 37 = 0. Suppose -2980 = -v*f - f. What is the units digit of f?
8
Let w(l) = 1751*l - 102. What is the tens digit of w(4)?
0
Suppose 5*r - 205 = -2*s - s, r + 3*s = 29. Let n = 229 - r. What is the hundreds digit of n?
1
Suppose 2*x + 21*x - 193421 = 152522. What is the units digit of x?
1
Suppose 12613331 = 551*f + 4035628 - 20753680. What is the hundreds digit of f?
2
Suppose -4*s - 3*d = -145, -15*s + 2*d = -14*s - 28. Let u(f) = -11*f - 4. Let j be u(-6). Suppose s*n - 33*n - j = 0. What is the units digit of n?
2
Suppose -5*c - 198*h + 193*h + 87080 = 0, -5*h + 52234 = 3*c. What is the hundreds digit of c?
4
Suppose -d + 4*u = -7, 3*d - 6*d - 4*u + 5 = 0. Suppose -8*k + d*k + 5*f - 5 = 0, 4*k + 28 = -4*f. What is the units digit of (k/(-3))/((-7)/(-294))?
6
Let a = -12528 - -15322. What is the thousands digit of a?
2
Suppose 0 = 6*g - 62 - 58. Suppose -8145 = -29*k + g*k. What is the hundreds digit of k?
9
Let l(t) = -16*t**2 - 49*t. Let c be l(-3). What is the hundreds digit of 1079*(0 + c)/3?
0
Let k = -297 - -600. Let i be (-8)/(-44) - k/33. What is the tens digit of (i + 7)*-1*26?
5
Let y(r) = -r. Let i = -94 + 94. Let v be y(i). Suppose 4*w - 956 = -3*k - 41, w - k - 220 = v. What is the tens digit of w?
2
Suppose 21*v - 7*v - 28 = 0. Suppose v*t - 1037 - 59 = 0. What is the hundreds digit of t?
5
Let v = 1348 + -5140. Let d = v - -1668. What is the units digit of (2/4)/(d/1064 + 2)?
3
Let o(j) = 438*j**2 - 2*j + 4. Let u be o(4). Suppose 0 = h + 4*b - 1394, -u = -14*h + 9*h - 3*b. What is the hundreds digit of h?
4
Suppose -79*j = -73*j + 408. Let h = 379 + j. What is the tens digit of h?
1
Suppose 1143*o - 1141*o - 20204 = 0. What is the ten thousands digit of o?
1
Suppose 618 = 5*k + 6133. Let i = -370 - k. What is the hundreds digit of i?
7
Suppose -5 = 11*j - 93. Let q be (2*-1 - -1)/((-2)/j). Suppose 0 = 7*x - q*x - 438. What is the tens digit of x?
4
Suppose -4*b - 2*u = -14, 3*b - 4*u = -0*b - 6. Suppose 164 + 14 = -b*r. Let f = 127 + r. What is the tens digit of f?
3
What is the hundreds digit of 6502 + 1 + -57 + 55?
5
Suppose 2*l + 3*a - 60012 = 0, 7*l = 10*l + 5*a - 90019. What is the ten thousands digit of l?
3
Let r(k) = 324*k - 241. Let w(y) = -y**2 - 27*y + 129. Let i be w(-31). What is the tens digit of r(i)?
7
Suppose 0 = 3*s + 5*h - 25342, s + 1536*h - 8445 = 1532*h. What is the tens digit of s?
4
Let s(o) = 0 - 135*o + 11 - o**3 + 111*o + 11 - 22*o**2. What is the tens digit of s(-21)?
8
Let j(v) = -30*v - 45. Let s(c) = -19*c + 103. Let p be s(6). What is the hundreds digit of j(p)?
2
Suppose 3*u - 24932 = 7*b - 9*b, -2*u + 49856 = 4*b. Suppose -b = -11*k - 220. What is the units digit of k?
3
Suppose -4*f + 75 = -5*s, s + 39 = -6*f + 8*f. Let z(q) = -q**3 + 19*q**2 + 20*q + 61. What is the units digit of z(f)?
1
Suppose -2*k = -9 + 5. Suppose 2*f = 3*b - 317, k = f - 0*f. Suppose 28 + b = 3*n. What is the units digit of n?
5
Let j(x) be the first derivative of 2*x**3/3 - x**2/2 + 4*x + 8. Let d be j(0). Suppose d*n + 5*c = 375, -3*c + 40 = 2*n - 147. What is the units digit of n?
5
Suppose -6*y + 4930 = -4322. What is the hundreds digit of (-2)/(-11) + 312/(-143) + y?
5
What is the tens digit of 141317/33 + (-1)/(-6) + 14/4?
8
Let m = 239 + 110. Let i = 359 - m. What is the tens digit of i?
1
Let d(c) = -41*c + 14. Let n be d(17). What is the units digit of 14/8 - 4/(-16) - n?
5
Let n = 40799 + -21591. What is the hundreds digit of n?
2
Let y(v) = v**2 + 18*v + 62. Let p be y(-4). Suppose 4 = -0*z - 2*z. What is the units digit of (p/z)/(15/(-25))?
5
What is the thousands digit of -4647*(-282)/(-188)*((-1)/(-3) + -1)?
4
Let i(z) = -3*z - 80. Let r be i(-26). What is the hundreds digit of r - (2 + -5*62 - -4)?
3
Suppose 6*d = -53 + 377. Let k = 0 - 9. Let v = d + k. What is the units digit of v?
5
Let s = 212 - 215. What is the hundreds digit of 86*(s + -2 + 65/10)?
1
Suppose 3*p - r - 925 = 0, -p - 3*r = 2*r - 287. Suppose p + 193 = 4*y. What is the tens digit of y?
2
Let u = 26 - -29. Let t = 62 - u. Suppose -q - t*q = -8. What is the units digit of q?
1
Suppose -5*u + 50374 = 3*f, -5*u + 252*f = 253*f - 50378. What is the ten thousands digit of u?
1
Let p(o) = -121*o - 13*o - 55 + 56*o. What is the units digit of p(-5)?
5
Let y be (-22)/(-66) + (-3076)/(-6). Let q = -109 + y. What is the units digit of q?
4
Suppose -31*u - 42483 + 68740 = -224688. What is the units digit of u?
5
Let l(d) = -6*d - 33. Let a = 1 + 4. Suppose 0 = -a*s + u - 25, 2*s + 5*u + 48 = 11. What is the units digit of l(s)?
3
Suppose j = -48*x + 51*x - 44918, 5*x + 5*j - 74890 = 0. What is the ten thousands digit of x?
1
Let i(b) = -6*b - 18. Let v be i(-2). What is the hundreds digit of (156/v - 4)*-13?
3
What is the units digit of (-2)/12 - ((-19)/228)/(3/197430)?
4
Suppose -63 = -4*f - 3*o, 3*f - o + 3*o - 46 = 0. What is the tens digit of 60/1*102/f?
1
Suppose -3*d + 2*u = -11934, -3315 = -d + 5*u + 650. Suppose 10 = -2*i, 0*i + d = 5*b + 3*i. What is the hundreds digit of b?
7
Let m = -160 + 307. Suppose 5*y - 783 = -3*x, -2*y + 2*x + 457 = m. What is the tens digit of y?
5
Suppose 2*y = -2*y + 4. Let c(a) = -24*a - 1 + 7 - 6 - y. What is the units digit of c(-1)?
3
Let i = 1600 + 525. What is the tens digit of i?
2
Let k = 63 - 55. Suppose -k*q - 4*q = -1452. Suppose -q - 83 = -4*g. What is the units digit of g?
1
Let w = -5 - -11. Let o be (-1196)/69*(-6*w + 0). Suppose -4*k = -0*k - o. What is the units digit of k?
6
Let f(h) = -h**3 + 71*h**2 - 187*h - 192. What is the units digit of f(48)?
4
Let c = 84 + 2417. Suppose 6*d = c - 221. What is the units digit of d?
0
Suppose -7757 = -38*g + 49964 + 341127. What is the hundreds digit of g?
4
Let i(q) be the second derivative of q**3/3 + 861*q**2/2 + 20*q - 3. What is the hundreds digit of i(0)?
8
Let a be 21*((-81)/(-42))/9*4. Let b(v) = -18 - a + 9 + 3 + 9*v. What is the units digit of b(22)?
4
Suppose 3*k - 6*k = b - 26, k - 22 = -3*b. Suppose k*g + 25 = 165. What is the tens digit of 79 + (25/g - 2/8)?
8
Suppose 0 = 68*d - 3219 - 1473. What is the tens digit of d?
6
Suppose 5*h + h = 8*h. Suppose h = -38*c + 29*c + 4536. What is the units digit of c?
4
What is the thousands digit of ((-121343)/(-11) - 6/33)/((-3)/(-9))?
3
Let a = 38 - 22. Suppose 0 = 6*r - 226 + a. Suppose 0 = -s + 268 - r. What is the hundreds digit of s?
2
Suppose 4*i - 11143 = c + 31702, 5*c + 10678 = i. What is the hundreds digit of i?
7
Let v = 43 + -42. Let o be v/(-2 - (-27)/13). Let b(s) = s**3 - 13*s**2 + 3*s + 4. What is the tens digit of b(o)?
4
What is the units digit of (1 - (-93)/(-9))/(49/(-4998))?
2
Let u be (-4)/6*(-9)/(-6). Let x(s) be the third derivative of -7*s**6/30 - s**5/60 - s**4/12 - s**3/6 + 41*s**2. What is the units digit of x(u)?
8
Suppose 0 = -3*s + 4*u + 6 - 20, 0 = 3*s + 3*u. Let r(k) = 5*k**2 + 2*k - 1. Let w be r(s). Suppose w*o - 17*o = -290. What is the units digit of o?
5
Suppose -35290 = -5*f - 1125*t + 1126*t, -3*f - t + 21166 = 0. What is the thousands digit of f?
7
Let g = 51146 - 30587. What is the ten thousands digit of g?
2
Let f(n) = 2*n**2 - 13*n - 5. Let c be f(-3). Let x be 890/8 - 1/4. Let j = x - c. What is the units digit of j?
9
What is the thousands 